 Give v(1).
1
Let c(d) = d + 8. Let p = 3 - 6. Let v be c(p). Let f(y) = 2*y - 7. Calculate f(v).
3
Let d = 11 + -8. Let n(r) = 2*r**2 + 3. Let f(l) = -2*l**2 + l - 3. Let w(m) = 4*f(m) + 3*n(m). Determine w(d).
-9
Suppose -v - 2*v = -4*o + 12, 0 = -4*o + 12. Let s(q) = -q - 14. Give s(v).
-14
Suppose -3*s + 7*s + 12 = 0. Let m(i) = -2 - i**2 + 5*i**2 - 3*i**2 - 2. What is m(s)?
5
Let x(r) be the second derivative of -5/2*r**2 + 1/12*r**4 + r + 0 + 2/3*r**3. Suppose 0 = 2*g + g + 12. Give x(g).
-5
Suppose -1 = 2*l - 13. Let g = l - 6. Suppose -3*j - 2*j = g. Let p(n) = n**3 + n + 2. Give p(j).
2
Let n(i) be the third derivative of -i**7/2520 - i**6/240 + i**5/15 - i**4/24 - 2*i**2. Let a(o) be the second derivative of n(o). Determine a(-6).
-10
Let y(z) = -14*z**2 + 3*z - 11. Let u(c) = 5*c**2 - c + 4. Let h(j) = -17*u(j) - 6*y(j). Let r(m) = -m + 4. Let w be r(10). Let t be 6/4*8/w. Calculate h(t).
-4
Let a(l) = -l**2 - 4*l + 1. Suppose 5*d - 4*d - 2 = 0. Suppose -2*v = -4*t + 24, -5*v + d*t - t - 24 = 0. Determine a(v).
1
Suppose 0 = -2*m - m. Suppose -7*p = -3*p - 12. Let t(r) = -3*r**p + r**2 + 2*r**3 + 0 + 2. What is t(m)?
2
Let p(i) = -i + 1. Let s be (-19)/7 - 6/21. Let x be p(s). Let j(w) = w**2 - 5*w + 4. Calculate j(x).
0
Let g(w) be the second derivative of -2*w + 0 - 1/12*w**4 - w**2 - 5/6*w**3. Let n(c) = -2*c**2 - 11*c - 5. Let b(h) = 5*g(h) - 2*n(h). What is b(-3)?
0
Let q be (2/5)/(1/(-5)). Let j(y) = -y**3 - y**2 - 2*y - 2. Give j(q).
6
Let m(h) = 2*h**2 + 2*h**2 - 3*h**2 + 4*h**3 + h - 3*h**3 + 7. Determine m(0).
7
Let y(q) = 7*q - 5. Let m be (-600)/105 - (-4)/(-14). Let x(f) = -15*f + 11. Let u(i) = m*x(i) - 13*y(i). Determine u(-2).
1
Let t(d) be the second derivative of d**3/6 - 5*d**2/2 + 2*d. Let q = 11 + -5. Let r be ((-16)/q)/(4/(-6)). What is t(r)?
-1
Let v(o) = -o**2 - 5*o + 10. Let t be v(-7). Let a be t/8 - (-22)/4. Let m(x) = x**3 + 3*x**2 + 33*x - 27*x - 9*x**2. Give m(a).
5
Let y(a) = -7*a - 23. Let n be y(-3). Let u(k) be the second derivative of -k**4/6 - k**3/2 - k. Give u(n).
-2
Let i = -1 + 2. Let p be 0*-2*i/2. Let o(d) be the first derivative of -d**2/2 - 7*d + 3. Give o(p).
-7
Let b(j) be the third derivative of -j**4/12 - 2*j**3/3 + 3*j**2. Calculate b(-6).
8
Let i(u) = u**3 + 5*u**2 - 6*u - 4. Let f be i(-6). Let n(z) = z**3 + 4*z**2 + 2*z + 4. Give n(f).
-4
Suppose 0 = 2*i - 3*c + 3, -3*i - 2 + 0 = -2*c. Let r(u) = u**3 + 2*u**2 - 13. Let y(p) = -2*p**3 - 3*p**2 + 25. Let w(x) = 5*r(x) + 3*y(x). Determine w(i).
10
Let o(q) be the first derivative of -3*q**2/2 + 4*q - 32. Give o(-5).
19
Let j(v) = -11*v**2 - 16*v + 18. Let n(q) = 4*q**2 + 5*q - 6. Let z(x) = -2*j(x) - 7*n(x). Let l(y) = -y**2. Let h(f) = -5*l(f) + z(f). Give h(-5).
-4
Let n(v) be the first derivative of v**3/3 - 3*v**2/2 + 4*v + 9. Let d(h) = 2*h**2 - 2*h + 3. Let u(y) = -3*d(y) + 2*n(y). Give u(1).
-5
Suppose 0 = 5*q + 44 - 14. Let c(f) = f**2 + 7*f + 1. Determine c(q).
-5
Let c(s) = -1. Let k(f) = -9*f + 2. Let w(b) = -3*c(b) - k(b). Determine w(-1).
-8
Let w = 21 + -22. Let n(k) = 4*k - 1. Calculate n(w).
-5
Suppose 14*j - 11*j + 15 = 0. Let z(k) = k**3 + 6*k**2 + 6*k + 7. Calculate z(j).
2
Suppose 0*d = 2*d - 4. Let o(h) = -1 + 4*h + 5 - d*h - 3*h. Give o(4).
0
Let p(u) be the first derivative of u**4/4 - 7*u**3/3 + 7*u**2/2 - 4*u + 38. Determine p(6).
2
Suppose 3*f = -0*f + 9. Suppose 0 = f*s + y - 13, 2*y + 0*y + 19 = 3*s. Let o(d) = -d**3 + 6*d**2 - 3*d - 3. Give o(s).
7
Let l(b) = -b + 6*b**2 - 4*b + 4*b. Suppose 47 = 5*f + 7. Let j(v) = v**3 - 9*v**2 + 8*v + 1. Let i be j(f). Give l(i).
5
Suppose 4*l - 5 - 3 = 0. Suppose -l*m = -3*m + 4. Let g(p) = p**2 - 3*p - 4. Determine g(m).
0
Let r(v) = v**2 + 8*v + 10. Let q(j) = j + 4. Let d be q(-11). Calculate r(d).
3
Let k(u) = u**2 + 65 - 34 - 27 - 5*u. Determine k(4).
0
Let a be (2 - 2 - 1)*(1 + -2). Let j(t) be the third derivative of -3*t**5/20 - t**3/6 + t**2. Determine j(a).
-10
Let m(n) be the third derivative of -n**6/360 + n**5/120 - n**3/6 + 2*n**2. Let x(g) be the first derivative of m(g). What is x(1)?
0
Suppose -5*b + p + 7 = -6, 2 = -2*b - 2*p. Suppose 0 = b*u + 6. Let v(d) = -2*d**2 - 2*d + 2. Calculate v(u).
-10
Let p(o) = -3*o + 5. Let i = -47 - -43. Calculate p(i).
17
Let c = -6 - 12. Let q be c/(-5) - 8/(-20). Let b(j) = -j**2 + 2*j + 2*j**2 - 7*j. Determine b(q).
-4
Suppose c - 2*o - 3*o = 27, 5*c - 3*o - 25 = 0. Suppose -c*z = -z - 1. Let a(x) = -3*x - 1. Calculate a(z).
-4
Let m be (2*1)/(12/(-18)). Let p(t) = -t - 1. Calculate p(m).
2
Suppose 3*b + 2 = b + 3*d, 4*b + 5*d = 40. Let u(s) = 0 - s**2 - 4*s - 5 + b. Calculate u(-3).
3
Let x(m) = 11*m + 1. Let t(y) = -4*y. Let o(b) = 8*t(b) + 3*x(b). Give o(0).
3
Let d be -35*(-4)/20 - 4. Let p(l) = 4*l**2 - l**2 + 4*l - 4*l**2. Give p(d).
3
Let c be -2*9/(45/(-10)). Let f = 1 + 3. Let v(p) = 2 + c*p - f*p + p**2 - 7*p. What is v(6)?
-4
Let w(c) = 0*c + 10*c + 2 + 4 + 2 + c**2. What is w(-7)?
-13
Let c(s) = -4*s**2 - s - 12. Let j(y) = y**2 - y + 1. Let v(o) = -c(o) - 5*j(o). Determine v(6).
7
Let y(s) = -2*s + 3. Let o = 14 + -12. Determine y(o).
-1
Let k(p) = -p**3 - 7*p**2 + 8*p + 6. Let g be k(-8). Let x = -7 + g. Let a(m) = -2*m**3 - 1 + 1 - 2*m**2 + 3*m**2. Give a(x).
3
Let z(c) = 1 + 8 + 2*c - 1 - c. Calculate z(-6).
2
Let q(v) = 5*v**3 + v**2 + v - 1. Suppose h + 3*k + 6 = -3*h, 3*k - 21 = 5*h. Let o(j) = -j - 4. Let x be o(h). Let y be (x/3)/(3/(-9)). What is q(y)?
6
Let b(v) = 14*v**3 - 35*v**2 + 17*v - 4. Let p(g) = 5*g**3 - 12*g**2 + 6*g - 1. Let r(o) = 6*b(o) - 17*p(o). Give r(-6).
-7
Let j(b) = -b**2 - b + 6 - 6 + 8 + 6*b. Determine j(8).
-16
Let g be 4/(0 + -2 + 1). Let j(o) = -7*o + 2. Let y(l) = l - 1. Let a(f) = g*y(f) - j(f). Let n be a(-2). Let i(d) = d + 7. Give i(n).
3
Let j(r) = 2*r - 5. Let k(q) = 8*q - 19. Let o(f) = -9*j(f) + 2*k(f). Give o(-5).
17
Let s = -5 + 9. Let l(c) = 3*c - 5*c + s*c - 1 + 0. What is l(2)?
3
Let p be (-2 - 1) + (6 - -2). Let w(h) = -h**2 + 7*h - 6. Determine w(p).
4
Let d(a) = a - 5. Let g(k) = 8*k - 5*k**2 - 3*k**2 - 2 + 3*k**3 - 1 - 4*k**3. Let n be g(-9). Give d(n).
1
Let v be -1 - (-7 + 2 + 0). Let c(u) = -3*u + 3. Let x(a) = 3*a - 4. Let g(y) = v*c(y) + 3*x(y). Give g(1).
-3
Let j(u) = -2*u**3 - 2*u**2 + 2*u + 1. Let l be 2/(-3) + (-4)/(-6). Suppose -6 + l = 3*y. Give j(y).
5
Let m(p) = 3*p**2 - 10 - 4*p**2 + 0*p**2. Let u be 5/(75/9) + 6/(-10). Give m(u).
-10
Let l = 5 - 2. Let h(p) = 0*p + 2*p**2 + 18 - 5*p - 14. Calculate h(l).
7
Let c(w) = 2*w**2 - 2*w - 6. Let p(j) = 2*j**2 - 2*j - 5. Let h(a) = 2*c(a) - 3*p(a). Give h(3).
-9
Let v be (-1)/(1 + (-6)/9). Let f(c) = c**3 + 5*c**2 + 5*c + 3. Let r be f(v). Let h(l) = -l + 9. Determine h(r).
3
Suppose 5*n - 3*a = -9, 5*a - 14 = -3*n + 1. Let u(r) be the second derivative of 1/2*r**2 - 7/6*r**3 + n + 3*r. Give u(-1).
8
Let a(r) = -r - 5. Let z = 18 + -16. Let t be 7/z*(1 + -3). Calculate a(t).
2
Let f(p) = p**3 - 2*p**2 - p - 2. Suppose 0 = 4*t - 4 + 20. Let y be 8/t*3/(-2). Give f(y).
4
Let l be 1 - -1 - (-6)/(-2). Suppose k + 4*k + 3 = -4*m, 8 = 4*k - 2*m. Let s(g) = 2*g + 1. Let x(r) = r. Let u(d) = k*s(d) + 3*x(d). Determine u(l).
-4
Let f = -16 + 33. Let d = 19 - f. Let k(y) = y + 2. Calculate k(d).
4
Let m(r) = r**2 - 4*r - 1. Suppose 0 = -5*t - 4*b - 35, 5*b = -t - 31 + 3. Let p(j) = j**3 + 2*j**2 - 5*j - 4. Let z be p(t). What is m(z)?
-5
Let w(d) be the third derivative of -7/6*d**3 + 0 + 0*d + 7/24*d**4 - 1/60*d**5 + 2*d**2. Calculate w(5).
3
Let h = -22 - -11. Let d = -15 + 8. Let g = d - h. Let p(c) = -c**3 + 5*c**2 - 5*c - 3. Determine p(g).
-7
Let j(b) be the first derivative of -3*b**4/2 + 2*b**3/3 + b**2/2 + 6. Calculate j(-1).
7
Let j be 6 + (-3)/3 + -2. Let g(b) = 3 + 4*b - 3 - 2 - j*b. Determine g(-3).
-5
Let m(p) be the second derivative of -p**5/20 - p**4/4 + p**3/3 - p**2/2 + 2*p. Let o be (-13)/(-1) - (-6)/(-3). Let i = -15 + o. Determine m(i).
7
Let m(l) = 14*l**3 + 11*l + 5. Let g(f) = -7*f**3 - 5*f - 2. Let z be ((-1)/2)/(2/28). Let t(s) = z*g(s) - 3*m(s). Calculate t(1).
8
Let u(t) = 3*t - 1. Let y(z) = 39*z - 15. Let v(l) = -15*u(l) + y(l). Suppose -3*c + 0*q = q - 2, -7 = -2*c + 5*q. What is v(c)?
-6
Let o(d) be the second derivative of d**5/4 + d**4/6 + d**3/3 + d**2/2 + 3*d. 